 billions digit of 6218720755?
6
What is the thousands digit of 622571001?
1
What is the ten millions digit of 99353307?
9
What is the hundreds digit of 177839899?
8
What is the ten thousands digit of 98159337?
5
What is the ten thousands digit of 194106998?
0
What is the hundred thousands digit of 62849790?
8
What is the ten thousands digit of 704606284?
0
What is the hundreds digit of 28502635?
6
What is the hundred millions digit of 4558675383?
5
What is the hundred thousands digit of 28296665?
2
What is the tens digit of 5682478?
7
What is the ten millions digit of 142376200?
4
What is the units digit of 3728300562?
2
What is the millions digit of 373674791?
3
What is the tens digit of 245119786?
8
What is the millions digit of 3569072153?
9
What is the tens digit of 1869500104?
0
What is the millions digit of 678904608?
8
What is the millions digit of 2625783?
2
What is the units digit of 284417721?
1
What is the hundred thousands digit of 332283029?
2
What is the tens digit of 353874914?
1
What is the millions digit of 687777067?
7
What is the ten millions digit of 2623409874?
2
What is the thousands digit of 3866875801?
5
What is the units digit of 2651855455?
5
What is the hundred millions digit of 107094273?
1
What is the hundreds digit of 120438537?
5
What is the tens digit of 379667649?
4
What is the thousands digit of 496397114?
7
What is the units digit of 690054424?
4
What is the ten millions digit of 764306722?
6
What is the hundreds digit of 82813900?
9
What is the units digit of 2953620944?
4
What is the units digit of 289416814?
4
What is the billions digit of 2034021104?
2
What is the thousands digit of 23196534?
6
What is the thousands digit of 2679910252?
0
What is the millions digit of 124192846?
4
What is the thousands digit of 41122197?
2
What is the millions digit of 517404551?
7
What is the units digit of 182331105?
5
What is the hundreds digit of 59614185?
1
What is the hundreds digit of 104126451?
4
What is the thousands digit of 4088803584?
3
What is the thousands digit of 139913938?
3
What is the billions digit of 2015555502?
2
What is the hundred millions digit of 210576494?
2
What is the hundreds digit of 2883675281?
2
What is the ten thousands digit of 136083233?
8
What is the ten thousands digit of 42122638?
2
What is the millions digit of 48877905?
8
What is the tens digit of 2875292679?
7
What is the hundreds digit of 660030037?
0
What is the thousands digit of 160834728?
4
What is the thousands digit of 849867124?
7
What is the hundred thousands digit of 14301789?
3
What is the hundred millions digit of 1248548696?
2
What is the thousands digit of 171988013?
8
What is the hundred thousands digit of 45855187?
8
What is the hundred thousands digit of 2677366671?
3
What is the units digit of 5912638904?
4
What is the millions digit of 102338402?
2
What is the units digit of 208294871?
1
What is the thousands digit of 140072887?
2
What is the millions digit of 73330211?
3
What is the hundreds digit of 53727096?
0
What is the thousands digit of 18439592?
9
What is the thousands digit of 188656057?
6
What is the hundred millions digit of 141895492?
1
What is the ten millions digit of 8357383882?
5
What is the ten thousands digit of 195284760?
8
What is the tens digit of 133634325?
2
What is the ten thousands digit of 9165864?
6
What is the ten thousands digit of 1215434288?
3
What is the tens digit of 1345049673?
7
What is the thousands digit of 23652365?
2
What is the hundreds digit of 536918?
9
What is the ten thousands digit of 1356067424?
6
What is the millions digit of 38040461?
8
What is the tens digit of 112216102?
0
What is the units digit of 8315292585?
5
What is the thousands digit of 1734684286?
4
What is the hundred thousands digit of 8020189588?
1
What is the thousands digit of 107345130?
5
What is the ten millions digit of 2052555146?
5
What is the thousands digit of 402620115?
0
What is the thousands digit of 46769718?
9
What is the hundreds digit of 78685794?
7
What is the thousands digit of 463882355?
2
What is the tens digit of 9752859?
5
What is the hundred thousands digit of 480690260?
6
What is the tens digit of 4746934726?
2
What is the units digit of 6211989184?
4
What is the hundreds digit of 1233609076?
0
What is the ten thousands digit of 441150368?
5
What is the hundreds digit of 320890148?
1
What is the thousands digit of 88764193?
4
What is the tens digit of 50619885?
8
What is the millions digit of 355127608?
5
What is the tens digit of 29932486?
8
What is the tens digit of 146314753?
5
What is the ten millions digit of 477021585?
7
What is the ten millions digit of 36495477?
3
What is the ten thousands digit of 2944400337?
0
What is the ten thousands digit of 402008472?
0
What is the tens digit of 109284533?
3
What is the hundreds digit of 19855590?
5
What is the tens digit of 51146296?
9
What is the millions digit of 38294299?
8
What is the tens digit of 143536253?
5
What is the ten thousands digit of 22121243?
2
What is the ten millions digit of 32578953?
3
What is the hundreds digit of 3689853122?
1
What is the thousands digit of 1244763769?
3
What is the hundred thousands digit of 531220527?
2
What is the ten millions digit of 1718465703?
1
What is the hundred thousands digit of 7957464?
9
What is the ten thousands digit of 7145507540?
0
What is the hundred thousands digit of 40994961?
9
What is the ten millions digit of 877529507?
7
What is the hundred thousands digit of 315423651?
4
What is the ten millions digit of 3018511601?
1
What is the millions digit of 135931150?
5
What is the hundred millions digit of 192185928?
1
What is the tens digit of 105658049?
4
What is the hundreds digit of 30316026?
0
What is the ten thousands digit of 246671346?
7
What is the units digit of 6744549447?
7
What is the hundred thousands digit of 337063658?
0
What is the hundreds digit of 1444503?
5
What is the thousands digit of 273500665?
0
What is the billions digit of 1179658958?
1
What is the millions digit of 146186377?
6
What is the thousands digit of 406660296?
0
What is the thousands digit of 19793749?
3
What is the millions digit of 95903942?
5
What is the ten thousands digit of 689194219?
9
What is the units digit of 16660828?
8
What is the tens digit of 31196967?
6
What is the millions digit of 403180974?
3
What is the hundreds digit of 17223182?
1
What is the ten millions digit of 46825676?
4
What is the thousands digit of 1010067657?
7
What is the hundred millions digit of 399566273?
3
What is the thousands digit of 38134410?
4
What is the ten millions digit of 1372297736?
7
What is the hundred thousands digit of 18285320?
2
What is the units digit of 246893859?
9
What is the hundred thousands digit of 26474372?
4
What is the hundred thousands digit of 24637169?
6
What is the units digit of 4442662662?
2
What is the units digit of 606212?
2
What is the millions digit of 2320115622?
0
What is the units digit of 2450548?
8
What is the millions digit of 139410873?
9
What is the tens digit of 281161662?
6
What is the millions digit of 1448552985?
8
What is the ten millions digit of 1065574861?
6
What is the tens digit of 204006471?
7
What is the units digit of 53857777?
7
What is the hundred millions digit of 1386000682?
3
What is the millions digit of 1060235593?
0
What is the hundred thousands digit of 1617822239?
8
What is the millions digit of 1602351968?
2
What is the hundred millions digit of 2013858821?
0
What is the hundred thousands digit of 1890643?
8
What is the hundred thousands digit of 499697271?
6
What is the ten thousands digit of 630103531?
0
What is the ten millions digit of 18501318?
1
What is the thousands digit of 326889075?
9
What is the billions digit of 1496682902?
1
What is the thousands digit of 31400563?
0
What is the units digit of 116084959?
9
What is the thousands digit of 219301169?
1
What is the thousands digit of 1743519880?
9
What is the billions digit of 1064918961?
1
What is the hundreds digit of 88464025?
0
What is the millions digit of 3376847?
3
What is the hundreds digit of 93030152?
1
What is the hundred thousands digit of 520593930?
5
What is the ten millions digit of 54302470?
5
What is the hundreds digit of 492077731?
7
What is the hundre